78241?
9
What is the thousands digit of 151494581?
4
What is the ten millions digit of 213616716?
1
What is the ten thousands digit of 242875811?
7
What is the tens digit of 136944404?
0
What is the ten millions digit of 1275451355?
7
What is the ten thousands digit of 120221401?
2
What is the hundred thousands digit of 1766253143?
2
What is the units digit of 133084824?
4
What is the units digit of 340905648?
8
What is the ten thousands digit of 1082624499?
2
What is the tens digit of 1946965827?
2
What is the ten millions digit of 547111045?
4
What is the billions digit of 2777737094?
2
What is the thousands digit of 1508162143?
2
What is the hundred millions digit of 163125980?
1
What is the hundred millions digit of 272147778?
2
What is the hundred thousands digit of 182097021?
0
What is the ten millions digit of 116501637?
1
What is the hundred thousands digit of 119075455?
0
What is the hundreds digit of 35243432?
4
What is the units digit of 252698375?
5
What is the tens digit of 190054976?
7
What is the ten millions digit of 24732606?
2
What is the tens digit of 26626840?
4
What is the ten millions digit of 582316459?
8
What is the hundred millions digit of 130132179?
1
What is the ten thousands digit of 440210787?
1
What is the hundred millions digit of 263076210?
2
What is the millions digit of 41063187?
1
What is the hundred thousands digit of 873127813?
1
What is the ten millions digit of 6048676131?
4
What is the hundred millions digit of 1719833592?
7
What is the units digit of 807105732?
2
What is the tens digit of 267520586?
8
What is the thousands digit of 137783850?
3
What is the tens digit of 50942057?
5
What is the units digit of 632874180?
0
What is the units digit of 51160715?
5
What is the millions digit of 264514084?
4
What is the ten millions digit of 71145289?
7
What is the millions digit of 3327816967?
7
What is the ten thousands digit of 772520309?
2
What is the millions digit of 692658058?
2
What is the ten millions digit of 257700671?
5
What is the hundreds digit of 1544339258?
2
What is the thousands digit of 405066?
5
What is the millions digit of 183556876?
3
What is the ten thousands digit of 872753086?
5
What is the hundred thousands digit of 1527169962?
1
What is the units digit of 3040300991?
1
What is the tens digit of 3794157370?
7
What is the units digit of 69476324?
4
What is the tens digit of 782910958?
5
What is the hundred millions digit of 4765224332?
7
What is the tens digit of 982341723?
2
What is the units digit of 73519458?
8
What is the millions digit of 206119286?
6
What is the tens digit of 56850986?
8
What is the hundred thousands digit of 5278574752?
5
What is the ten thousands digit of 27454203?
5
What is the millions digit of 81304872?
1
What is the millions digit of 427101596?
7
What is the tens digit of 957038102?
0
What is the ten thousands digit of 893188920?
8
What is the ten millions digit of 6692920436?
9
What is the units digit of 11384367?
7
What is the millions digit of 2608470201?
8
What is the tens digit of 135990848?
4
What is the tens digit of 5322517283?
8
What is the hundred thousands digit of 4997130952?
1
What is the ten thousands digit of 128442235?
4
What is the ten millions digit of 830931268?
3
What is the tens digit of 45024022?
2
What is the ten millions digit of 13720065?
1
What is the hundred thousands digit of 28847129?
8
What is the hundred thousands digit of 4549374?
5
What is the hundreds digit of 20536860?
8
What is the ten thousands digit of 1977666318?
6
What is the tens digit of 131572138?
3
What is the hundred millions digit of 475745206?
4
What is the hundred millions digit of 465915205?
4
What is the units digit of 2507174394?
4
What is the hundred millions digit of 461316840?
4
What is the units digit of 1254509860?
0
What is the hundreds digit of 41061632?
6
What is the ten thousands digit of 67010036?
1
What is the billions digit of 6613554753?
6
What is the ten millions digit of 3635441887?
3
What is the units digit of 956796228?
8
What is the tens digit of 753413308?
0
What is the thousands digit of 3582325505?
5
What is the hundreds digit of 9822870?
8
What is the ten thousands digit of 773320162?
2
What is the thousands digit of 479313833?
3
What is the thousands digit of 1115975479?
5
What is the thousands digit of 164480473?
0
What is the hundred millions digit of 115264196?
1
What is the ten thousands digit of 98551049?
5
What is the ten thousands digit of 2424481006?
8
What is the tens digit of 85194042?
4
What is the hundred millions digit of 696411812?
6
What is the millions digit of 1695005221?
5
What is the ten millions digit of 45283862?
4
What is the tens digit of 325498182?
8
What is the ten thousands digit of 3092444711?
4
What is the units digit of 1716846554?
4
What is the millions digit of 84664564?
4
What is the millions digit of 1793986654?
3
What is the hundred millions digit of 5180579094?
1
What is the hundred millions digit of 1511831912?
5
What is the units digit of 4906858790?
0
What is the ten thousands digit of 1592170771?
7
What is the thousands digit of 75268787?
8
What is the millions digit of 351234055?
1
What is the hundreds digit of 66505198?
1
What is the tens digit of 544388979?
7
What is the hundred millions digit of 2268740904?
2
What is the hundred thousands digit of 1685348438?
3
What is the millions digit of 229668926?
9
What is the tens digit of 121181089?
8
What is the billions digit of 4587788182?
4
What is the units digit of 60917150?
0
What is the ten thousands digit of 136716739?
1
What is the ten millions digit of 65191071?
6
What is the thousands digit of 4663945647?
5
What is the billions digit of 1667711483?
1
What is the tens digit of 445469992?
9
What is the ten thousands digit of 1197730523?
3
What is the tens digit of 299600828?
2
What is the millions digit of 56132394?
6
What is the millions digit of 470546144?
0
What is the ten thousands digit of 9721730?
2
What is the ten thousands digit of 65151170?
5
What is the ten millions digit of 1052619539?
5
What is the ten millions digit of 436277754?
3
What is the hundreds digit of 3904254?
2
What is the tens digit of 58473087?
8
What is the hundreds digit of 333575420?
4
What is the thousands digit of 25420067?
0
What is the billions digit of 2448142332?
2
What is the units digit of 97521679?
9
What is the hundreds digit of 781227694?
6
What is the millions digit of 780678762?
0
What is the thousands digit of 60031308?
1
What is the hundred thousands digit of 182888231?
8
What is the billions digit of 1755187738?
1
What is the units digit of 23794696?
6
What is the ten thousands digit of 103906650?
0
What is the millions digit of 61850481?
1
What is the units digit of 135306730?
0
What is the ten millions digit of 59822078?
5
What is the millions digit of 265581859?
5
What is the hundreds digit of 363379866?
8
What is the ten millions digit of 4376974552?
7
What is the hundred millions digit of 3667237656?
6
What is the hundred millions digit of 345598070?
3
What is the thousands digit of 3053078014?
8
What is the millions digit of 23794712?
3
What is the units digit of 52115152?
2
What is the units digit of 4838103067?
7
What is the units digit of 75214079?
9
What is the hundreds digit of 43481872?
8
What is the hundreds digit of 72743366?
3
What is the ten millions digit of 272553340?
7
What is the thousands digit of 28645658?
5
What is the ten thousands digit of 152649819?
4
What is the hundred thousands digit of 35172716?
1
What is the thousands digit of 910327312?
7
What is the thousands digit of 177276431?
6
What is the units digit of 766104661?
1
What is the tens digit of 6925215750?
5
What is the ten millions digit of 81114910?
8
What is the thousands digit of 11400127?
0
What is the hundreds digit of 52978558?
5
What is the hundred thousands digit of 287591619?
5
What is the ten millions digit of 51228706?
5
What is the tens digit of 584560809?
0
What is the thousands digit of 295416533?
6
What is the tens digit of 1507824702?
0
What is the units digit of 2346272292?
2
What is the tens digit of 1082107212?
1
What is the ten thousands digit of 258261813?
6
What is the ten thousands digit of 937544563?
4
What is the hundred millions di